{"id":196,"date":"2014-11-05T08:52:54","date_gmt":"2014-11-05T08:52:54","guid":{"rendered":"http:\/\/basisinkomen.eu\/?p=196"},"modified":"2025-07-25T11:59:26","modified_gmt":"2025-07-25T09:59:26","slug":"mediane-inkomens-in-europa","status":"publish","type":"page","link":"https:\/\/basisinkomen.eu\/obi\/","title":{"rendered":"Mediane inkomens in Europa"},"content":{"rendered":"<p><strong>Het mediane inkomen<\/strong><br \/>\n<a href=\"https:\/\/basisinkomen.eu\/obi\/wp-content\/uploads\/2014\/11\/mediaanbalkje.gif\"><img loading=\"lazy\" decoding=\"async\" class=\"size-full wp-image-217 alignright\" src=\"https:\/\/basisinkomen.eu\/obi\/wp-content\/uploads\/2014\/11\/mediaanbalkje.gif\" alt=\"\" width=\"298\" height=\"185\" \/><\/a>Het jaarlijkse nationale armoederisico is vastgesteld op 60% van het nationaal mediaan inkomen per equivalent volwassene. het mediaan inkomen scheidt de totale bevolking in twee gelijke delen. Het inkomen per equivalent volwassen wordt berekend door 1,0 tot de eerste volwassene, 0,5 tot: het totale inkomen van het huishouden door zijn omvang vastgesteld na toepassing van de volgende gewichten te delen andere leden van het huishouden 14 jaar of ouder en 0,3 jaar voor elk lid van het huishouden van minder dan 14 jaar oud. Het totale besteedbaar inkomen van huishoudens is het totale netto monetaire inkomen van het huishouden en haar leden, namelijk alle ontvangen inkomen uit arbeid, een eigen inkomen uit beleggingen en onroerend goed, plus alle sociale overdrachten ontvangen rechtstreeks inclusief ouderdoms-pensioenen, na aftrek van eventuele betaalde belastingen en sociale premies. Echter, met indirecte sociale overdrachten, betalingen rente op leningen, transfers betaald aan andere huishoudens, ontvangsten in natura en de toegerekende huur voor door de eigenaar bewoonde accommodatie wordt geen rekening gehouden.<br \/>\n<em>Het Onvoorwaardelijke en Universele Basisinkomen kan worden vastgesteld op een bedrag ter hoogte van dit armoederisico; 60% van het mediane inkomen.<\/em><\/p>\n<p><strong>Hoeveel is hoog genoeg?<\/strong><br \/>\nMensen met risico op armoede of sociale uitsluiting: de armoedegrens is 60% van het mediaan equivalent inkomen per land, zie onderstaande tabel.<br \/>\nStandaard geeft de tabel een bedrag weer in &#8220;echte&#8221; euro&#8217;s. Een betere manier is om PPS te laten zien. dit is Puchasing Power Standard &#8211; Koopkrachtstandaard &#8211; ook in Euro maar &#8220;omgerekend&#8221; omdat er geen verschillen in prijsniveau zijn tussen EU-leden.<br \/>\n<a href=\"https:\/\/ec.europa.eu\/eurostat\/databrowser\/view\/sdg_10_10\/default\/table?lang=en\" target=\"_blank\" rel=\"noopener\">https:\/\/ec.europa.eu\/eurostat\/databrowser\/view\/sdg_10_10\/default\/table?lang=en<\/a><br \/>\nDus als je de PPS-gegevens ziet, ziet je dat deze 60% van het mediaan equivalent inkomen verschillende koopkracht heeft in verschillende landen. Dit is het zwakke punt van deze 60%. Nederland staat op de 7e plaats voor de koopkracht in Europa<\/p>\n<p><strong>Hier de cijfers tot en met 2024 (<a href=\"https:\/\/basisinkomen.eu\/obi\/wp-content\/uploads\/2012\/11\/at-risk-of-poverty-thresholds-2024.pdf\" target=\"_blank\" rel=\"noopener\">via pdf<\/a>)<\/strong><br \/>\nDeze pdf kun je zien als een indicatie voor de minimale hoogte van een onvoorwaardelijk basisinkomen.<br \/>\nTe zien zijn de mediane inkomens in europa &#8220;At risk of poverty threshold (60% of median equivalised income)&#8221;<a href=\"https:\/\/basisinkomen.eu\/obi\/wp-content\/uploads\/2012\/11\/armoedegrens-2024.jpg\"><img loading=\"lazy\" decoding=\"async\" class=\"aligncenter size-full wp-image-1085\" src=\"https:\/\/basisinkomen.eu\/obi\/wp-content\/uploads\/2012\/11\/armoedegrens-2024.jpg\" alt=\"\" width=\"796\" height=\"131\" srcset=\"https:\/\/basisinkomen.eu\/obi\/wp-content\/uploads\/2012\/11\/armoedegrens-2024.jpg 796w, https:\/\/basisinkomen.eu\/obi\/wp-content\/uploads\/2012\/11\/armoedegrens-2024-300x49.jpg 300w, https:\/\/basisinkomen.eu\/obi\/wp-content\/uploads\/2012\/11\/armoedegrens-2024-768x126.jpg 768w, https:\/\/basisinkomen.eu\/obi\/wp-content\/uploads\/2012\/11\/armoedegrens-2024-600x99.jpg 600w\" sizes=\"auto, (max-width: 796px) 100vw, 796px\" \/><\/a><\/p>\n<p><strong><em>Voor Nederland staat de armoedegrens in 2024 op 19.189 euro (1599\/maand)<\/em><\/strong><br \/>\nZie tabel @ eurostat tot 2024:<br \/>\n<a href=\"https:\/\/ec.europa.eu\/eurostat\/databrowser\/view\/ilc_li01\/default\/table?lang=en\" target=\"_blank\" rel=\"noopener\">https:\/\/ec.europa.eu\/eurostat\/databrowser\/view\/ilc_li01\/default\/table?lang=en<\/a><\/p>\n<p>People at risk of poverty or social exclusion:<br \/>\n<a href=\"https:\/\/ec.europa.eu\/eurostat\/databrowser\/view\/ilc_peps03n\/default\/table?lang=en\" target=\"_blank\" rel=\"noopener\">https:\/\/ec.europa.eu\/eurostat\/databrowser\/view\/ilc_peps03n\/default\/table?lang=en<\/a><\/p>\n<p>Meer tabellen: <a href=\"https:\/\/ec.europa.eu\/eurostat\/databrowser\/explore\/all\/all_themes?lang=en&amp;display=list&amp;sort=category\" target=\"_blank\" rel=\"noopener\">https:\/\/ec.europa.eu\/eurostat\/databrowser\/explore\/all\/all_themes?lang=en&amp;display=list&amp;sort=category<\/a><\/p>\n<p>&nbsp;<\/p>\n<p><strong>Voorbeeld uit 2008<\/strong><\/p>\n<p>De levensomstandigheden in 2008 waren dusdanig dat \u00a017% van de EU27-bevolking het risico op armoede liep en met name een \u00a0hoger risico op armoede onder kinderen en ouderen.<br \/>\nIn 2008, had 17% van de bevolking in de EU-27 een risico op armoede. Dit betekent dat hun inkomen na sociale lasten\u00a0\u00a0onder de armoedegrens was gedaald.<br \/>\nSinds 2005 is het \u00a0EU-27 armoederisico stabiel geweest, vari\u00ebrend tussen 16% en 17%.<br \/>\nHet\u00a0hoogste armoederisico\u00a0in 2008 werden gevonden in Letland (26%), Roemeni\u00eb (23%), Bulgarije (21%), Griekenland,\u00a0Spanje en Litouwen (alle 20%) en het laagst in de Tsjechische Republiek (9%), Nederland en Slowakije (beide\u00a011%), Denemarken, Hongarije, Oostenrijk, Sloveni\u00eb en Zweden (alle 12%).<br \/>\nOpgemerkt moet worden dat de hoogte van het armoederisico een relatieve maatstaf voor armoede is en dat de armoedegrens sterk varieert tussen de lidstaten.<\/p>\n<p><strong>E\u00e9n op de vijf kinderen in de EU27 heeft een risico op armoede.<\/strong><br \/>\nIn 20 van de 27 lidstaten, is het armoederisico\u00a0hoger dan voor de totale bevolking. In 2008,\u00a0is\u00a0armoederisico\u00a0 voor degenen in de leeftijd tot 17 jaar 20% in de EU27. De hoogste percentages werden geregistreerd in\u00a0Roemeni\u00eb (33%), Bulgarije (26%), Itali\u00eb en Letland (beide 25%) en het laagst in Denemarken (9%), Sloveni\u00eb en\u00a0Finland (beide 12%).<br \/>\nOuderen worden ook geconfronteerd met een hoger armoederisico dan de totale bevolking. \u00a0In 2008, was de hoogte van het armoederisico voor\u00a065 jaar en ouder 19% in de EU27. De hoogste percentages werden waargenomen in Letland (51%), Cyprus (49%), Estland (39%) en Bulgarije (34%) en het laagst in Hongarije (4%), Luxemburg (5%) en de Tsjechische\u00a0Republiek (7%).<br \/>\nHet hebben van betaald werk vermindert het risico op armoede. In 2008, de hoogte van het armoederisico voor mensen met betaald werk\u00a0was gemiddeld 8% in de EU27, vari\u00ebrend van 4% in de Tsjechische Republiek tot 17% in Roemeni\u00eb.<\/p>\n<p><strong>Hoogste tarief van materi\u00eble deprivatie in Bulgarije, Roemeni\u00eb, Hongarije en Letland.<\/strong><br \/>\nOm een \u200b\u200bbreder beeld van de sociale uitsluiting te krijgen\u00a0in de EU, kan\u00a0het armoederisico, dat een relatieve<br \/>\nmaatstaf is, worden aangevuld met het de hoogte van\u00a0materi\u00eble deprivatie , dat sociale uitsluiting beschrijft in meer absolute termen. De materi\u00eble deprivatie wordt gedefinieerd als het noodgedwongen gebrek aan ten minste drie van de negen items.\u00a0[2]<\/p>\n<p>In 2008, had 17% van de\u00a0de EU27-bevolkingvolgens deze definitie deze\u00a0materi\u00eble deprivatie.\u00a0De hoogste niveaus werden geregistreerd in Bulgarije (51%), Roemeni\u00eb (50%), Hongarije (37%) en Letland (35%) en het laagst in Luxemburg (4%),\u00a0Nederland en Zweden (beide 5%).<\/p>\n<p>Kijkend naar een aantal van de individuele items van materi\u00eble deprivatie, blijkt dat in 2008, 37% van de EU27\u00a0bevolking zich een week jaarlijkse vakantie weg van huis niet kan \u00a0veroorloven , 10% kon \u00a0zich niet veroorloven om hun huis te behouden<br \/>\nvoldoende warm, 9% kon zich een maaltijd met vlees, kip of vis om de twee dagen niet veroorloven en 9% kon zich een persoonlijke auto niet veroorloven<\/p>\n<p>[2]\u00a0De negen items opgenomen in deze indicator zijn:<\/p>\n<ol>\n<li>het vermogen om onverwachte uitgaven op te lossen;<\/li>\n<li>vermogen om te betalen voor een week jaarlijkse vakantie weg van huis;<\/li>\n<li>bestaan \u200b\u200bvan achterstallige betalingen (hypotheek of huur betalingen, rekeningen van nutsbedrijven, of huurkoop afbetaling of andere leningen betalingen);<\/li>\n<li>capaciteit om een \u200b\u200bmaaltijd met vlees, kip, vis of vegetarisch equivalent elke tweede dag hebben;<\/li>\n<li>capaciteit behouden huis voldoende te verwarmen;<\/li>\n<li>het bezit van een wasmachine;<\/li>\n<li>het bezit van een kleuren-tv;<\/li>\n<li>bezit van een telefoon;<\/li>\n<li>bezit van een eigen auto.<\/li>\n<\/ol>\n<p>Lees ook dit stuk: <a href=\"https:\/\/www.manpower.nl\/nl\/kenniscentrum\/blogs\/2024\/09\/20\/modaal-inkomen-2024-en-gemiddeld-salaris\" target=\"_blank\" rel=\"noopener\">https:\/\/www.manpower.nl\/nl\/kenniscentrum\/blogs\/2024\/09\/20\/modaal-inkomen-2024-en-gemiddeld-salaris<\/a><\/p>\n<p>&nbsp;<\/p>\n<hr \/>\n<p><strong><em>Laatste update van deze pagina juli 2025<\/em><\/strong><\/p>\n","protected":false},"excerpt":{"rendered":"<p>Het mediane inkomen Het jaarlijkse nationale armoederisico is vastgesteld op 60% van het nationaal mediaan inkomen per equivalent volwassene. het mediaan inkomen scheidt de totale bevolking in twee gelijke delen. Het inkomen per equivalent volwassen wordt berekend door 1,0 tot de eerste volwassene, 0,5 tot: het totale inkomen van het huishouden door zijn omvang vastgesteld [&hellip;]<\/p>\n","protected":false},"author":4,"featured_media":0,"parent":0,"menu_order":0,"comment_status":"closed","ping_status":"closed","template":"","meta":{"footnotes":""},"class_list":["post-196","page","type-page","status-publish","hentry"],"_links":{"self":[{"href":"https:\/\/basisinkomen.eu\/obi\/wp-json\/wp\/v2\/pages\/196","targetHints":{"allow":["GET"]}}],"collection":[{"href":"https:\/\/basisinkomen.eu\/obi\/wp-json\/wp\/v2\/pages"}],"about":[{"href":"https:\/\/basisinkomen.eu\/obi\/wp-json\/wp\/v2\/types\/page"}],"author":[{"embeddable":true,"href":"https:\/\/basisinkomen.eu\/obi\/wp-json\/wp\/v2\/users\/4"}],"replies":[{"embeddable":true,"href":"https:\/\/basisinkomen.eu\/obi\/wp-json\/wp\/v2\/comments?post=196"}],"version-history":[{"count":36,"href":"https:\/\/basisinkomen.eu\/obi\/wp-json\/wp\/v2\/pages\/196\/revisions"}],"predecessor-version":[{"id":1093,"href":"https:\/\/basisinkomen.eu\/obi\/wp-json\/wp\/v2\/pages\/196\/revisions\/1093"}],"wp:attachment":[{"href":"https:\/\/basisinkomen.eu\/obi\/wp-json\/wp\/v2\/media?parent=196"}],"curies":[{"name":"wp","href":"https:\/\/api.w.org\/{rel}","templated":true}]}}